t of 935?
9
What is the units digit of 11597?
7
What is the thousands digit of 4929?
4
What is the tens digit of 287?
8
What is the tens digit of 19376?
7
What is the hundreds digit of 1368?
3
What is the tens digit of 9657?
5
What is the thousands digit of 23214?
3
What is the tens digit of 4163?
6
What is the tens digit of 25122?
2
What is the units digit of 285?
5
What is the thousands digit of 11268?
1
What is the hundreds digit of 65422?
4
What is the tens digit of 88999?
9
What is the units digit of 15487?
7
What is the hundreds digit of 4262?
2
What is the hundreds digit of 2215?
2
What is the thousands digit of 1346?
1
What is the hundreds digit of 323?
3
What is the thousands digit of 1740?
1
What is the hundreds digit of 801?
8
What is the tens digit of 77159?
5
What is the tens digit of 505?
0
What is the units digit of 1764?
4
What is the tens digit of 5786?
8
What is the hundreds digit of 3079?
0
What is the tens digit of 4250?
5
What is the tens digit of 533?
3
What is the units digit of 124944?
4
What is the tens digit of 97684?
8
What is the hundreds digit of 13583?
5
What is the hundreds digit of 51911?
9
What is the tens digit of 284?
8
What is the units digit of 110678?
8
What is the tens digit of 30315?
1
What is the hundreds digit of 4016?
0
What is the tens digit of 1248?
4
What is the hundred thousands digit of 176436?
1
What is the ten thousands digit of 25752?
2
What is the thousands digit of 2548?
2
What is the units digit of 437?
7
What is the tens digit of 914?
1
What is the tens digit of 10818?
1
What is the hundreds digit of 60070?
0
What is the tens digit of 800?
0
What is the hundreds digit of 3858?
8
What is the units digit of 2379?
9
What is the tens digit of 6287?
8
What is the units digit of 6207?
7
What is the hundreds digit of 5380?
3
What is the hundreds digit of 35111?
1
What is the units digit of 42190?
0
What is the hundreds digit of 9146?
1
What is the hundreds digit of 3312?
3
What is the tens digit of 9832?
3
What is the units digit of 5542?
2
What is the units digit of 3254?
4
What is the tens digit of 935?
3
What is the units digit of 110636?
6
What is the thousands digit of 32444?
2
What is the thousands digit of 3567?
3
What is the units digit of 39080?
0
What is the units digit of 5538?
8
What is the units digit of 2016?
6
What is the thousands digit of 6425?
6
What is the tens digit of 51700?
0
What is the thousands digit of 17843?
7
What is the tens digit of 689?
8
What is the units digit of 55371?
1
What is the thousands digit of 1701?
1
What is the tens digit of 68480?
8
What is the hundreds digit of 3019?
0
What is the units digit of 4299?
9
What is the hundreds digit of 1436?
4
What is the thousands digit of 5141?
5
What is the thousands digit of 14759?
4
What is the hundreds digit of 13587?
5
What is the tens digit of 8107?
0
What is the hundreds digit of 2198?
1
What is the thousands digit of 1895?
1
What is the tens digit of 12271?
7
What is the tens digit of 6701?
0
What is the tens digit of 12116?
1
What is the hundreds digit of 1746?
7
What is the tens digit of 100239?
3
What is the tens digit of 667?
6
What is the units digit of 59676?
6
What is the units digit of 592?
2
What is the thousands digit of 1409?
1
What is the tens digit of 2819?
1
What is the units digit of 10094?
4
What is the units digit of 1278?
8
What is the units digit of 1015?
5
What is the thousands digit of 2249?
2
What is the units digit of 805?
5
What is the units digit of 6216?
6
What is the hundreds digit of 750?
7
What is the units digit of 30?
0
What is the tens digit of 10075?
7
What is the hundreds digit of 35118?
1
What is the tens digit of 80131?
3
What is the units digit of 825?
5
What is the tens digit of 1315?
1
What is the tens digit of 4128?
2
What is the hundreds digit of 27409?
4
What is the units digit of 4726?
6
What is the units digit of 202?
2
What is the thousands digit of 2699?
2
What is the hundreds digit of 18584?
5
What is the thousands digit of 1943?
1
What is the hundreds digit of 578?
5
What is the units digit of 8207?
7
What is the thousands digit of 5832?
5
What is the hundred thousands digit of 158836?
1
What is the hundreds digit of 4100?
1
What is the ten thousands digit of 14793?
1
What is the units digit of 1942?
2
What is the units digit of 56547?
7
What is the units digit of 121412?
2
What is the units digit of 64198?
8
What is the units digit of 8010?
0
What is the tens digit of 21711?
1
What is the units digit of 11009?
9
What is the units digit of 16098?
8
What is the tens digit of 624?
2
What is the thousands digit of 9045?
9
What is the tens digit of 2593?
9
What is the tens digit of 5637?
3
What is the hundreds digit of 47121?
1
What is the hundreds digit of 13497?
4
What is the thousands digit of 5981?
5
What is the hundreds digit of 24839?
8
What is the tens digit of 3196?
9
What is the thousands digit of 2504?
2
What is the tens digit of 101?
0
What is the units digit of 874?
4
What is the units digit of 3598?
8
What is the thousands digit of 2625?
2
What is the thousands digit of 4224?
4
What is the thousands digit of 1191?
1
What is the thousands digit of 1714?
1
What is the hundreds digit of 2447?
4
What is the units digit of 10937?
7
What is the tens digit of 370?
7
What is the thousands digit of 1591?
1
What is the hundreds digit of 16454?
4
What is the units digit of 1539?
9
What is the tens digit of 2025?
2
What is the hundreds digit of 22348?
3
What is the tens digit of 147606?
0
What is the hundreds digit of 152?
1
What is the units digit of 10470?
0
What is the units digit of 9140?
0
What is the units digit of 15414?
4
What is the units digit of 24475?
5
What is the ten thousands digit of 26113?
2
What is the units digit of 3798?
8
What is the tens digit of 656?
5
What is the tens digit of 523?
2
What is the units digit of 948?
8
What is the units digit of 7036?
6
What is the tens digit of 1104?
0
What is the units digit of 1030?
0
What is the hundreds digit of 1734?
7
What is the thousands digit of 6530?
6
What is the tens digit of 1632?
3
What is the thousands digit of 76507?
6
What is the hundreds digit of 6670?
6
What is the hundreds digit of 9763?
7
What is the units digit of 1075?
5
What is the units digit of 49908?
8
What is the units digit of 1282?
2
What is the units digit of 2904?
4
What is the thousands digit of 4829?
4
What is the hundreds digit of 97223?
2
What is the units digit of 6760?
0
What is the hundreds digit of 61897?
8
What is the tens digit of 5877?
7
What is the hundreds digit of 3215?
2
What is the units digit of 31229?
9
What is the thousands digit of 3224?
3
What is the tens digit of 30258?
5
What is the units digit of 950?
0
What is the tens digit of 3706?
0
What is the hundreds digit of 4104?
1
What is the tens digit of 5012?
1
What is the thousands digit of 1606?
1
What is the hundreds digit of 48389?
3
What is the units digit of 1970?
0
What is the tens digit of 1783?
8
What is the units digit of 75678?
8
What is the units digit of 29?
9
What is the hundreds digit of 279?
2
What is the tens digit of 1208?
0
What is the ten thousands digit of 38306?
3
What is the hundreds digit of 1475?
4
What is the tens digit of 409?
0
What is the units digit of 1802?
2
What is the units digit of 20563?
3
What is the units digit of 4513?
3
What is the hundreds digit of 1062?
0
What is the thousands digit of 10850?
0
What is the thousands digit of 12774?
2
What is the hundreds digit of 492?
4
What is the thousands digit of 2584?
2
What is the thousands digit of 4140?
4
What is the units digit of 5530?
0
What is the hundreds digit of 1910?
9
What is the ten thousands digit of 40571?
4
What is the thousands digit of 1345?
1
What is the tens digit of 4936?
3
What is the hundreds digit of 29099?
0
What is the thousands digit of 7875?
7
What is the units digit of 37252?
2
What is the tens digit of 858?
5
What is the tens digit of 1456?
5
What is the hundreds digit of 3325?
3
What is the thousands digit of 99559?
9
What is the thousands digit of 2295?
2
What is the hundreds digit of 1196?
1
What is the tens digit of 5004?
0
What is the hundreds digit of 700?
7
What is the tens digit of 20410?
1
What is the ten thousands digit of 31654?
3
What